{"id":178,"date":"2014-07-31T14:39:14","date_gmt":"2014-07-31T14:39:14","guid":{"rendered":"http:\/\/vistoriagnv.com.br\/gnv\/?page_id=178"},"modified":"2020-02-05T18:21:17","modified_gmt":"2020-02-05T18:21:17","slug":"vistoria-itv-mercosul","status":"publish","type":"page","link":"https:\/\/vistoriagnv.com.br\/gnv\/index.php\/servicos\/vistoria-itv-mercosul\/","title":{"rendered":"Vistoria ITV Mercosul"},"content":{"rendered":"<div class=\"su-note\"  style=\"border-color:#d6d6d6;border-radius:3px;-moz-border-radius:3px;-webkit-border-radius:3px;\"><div class=\"su-note-inner su-u-clearfix su-u-trim\" style=\"background-color:#F0F0F0;border-color:#ffffff;color:#333333;border-radius:3px;-moz-border-radius:3px;-webkit-border-radius:3px;\"> Vistoria ITV Mercosul somente na unidade\u00a0<a title=\"Jardim Am\u00e9rica\" href=\"http:\/\/vistoriagnv.com.br\/gnv\/index.php\/empresas-parceiras\/jardim-america\/\"><strong>Jardim Am\u00e9rica (Cotran)<\/strong>\u00a0<\/a><\/div><\/div>\n<p><strong><br \/>\nVISTORIA ITV MERCOSUL &#8211; O QUE \u00c9<\/strong><\/p>\n<p style=\"text-align: justify;\"><img loading=\"lazy\" decoding=\"async\" class=\"alignleft size-thumbnail wp-image-343\" src=\"http:\/\/vistoriagnv.com.br\/gnv\/wp-content\/uploads\/2014\/07\/ilustracao_gnv8-150x150.jpg\" alt=\"ilustracao_gnv8\" width=\"150\" height=\"150\" \/>Inspe\u00e7\u00e3o T\u00e9cnica Veicular (ITV) em ve\u00edculos de transporte rodovi\u00e1rio internacional de cargas transitando no Mercosul, conforme Instru\u00e7\u00e3o Normativa No 12 da Pol\u00edcia Rodovi\u00e1ria Federal.<\/p>\n<p style=\"text-align: justify;\">Ve\u00edculos de carga que transitam no Mercosul est\u00e3o sujeitos \u00e0 fiscaliza\u00e7\u00e3o pelos pa\u00edses membros quanto \u00e0 aprova\u00e7\u00e3o do ve\u00edculo em inspe\u00e7\u00e3o de seguran\u00e7a veicular nos moldes da Resolu\u00e7\u00e3o Mercosul 75\/97.<br \/>\nCredenciada para realizar a ITV \u2013 Mercosul pela Portaria 1006\/2011 publicada no D.O.U. pelo Departamento Nacional de Transito.<\/p>\n<hr \/>\n<p style=\"text-align: justify;\"><span style=\"text-decoration: underline;\"><strong>A INSPE\u00c7\u00c3O<\/strong><\/span><\/p>\n<p style=\"text-align: justify;\"><img loading=\"lazy\" decoding=\"async\" class=\"alignleft size-thumbnail wp-image-340\" src=\"http:\/\/vistoriagnv.com.br\/gnv\/wp-content\/uploads\/2014\/07\/ilustracao_gnv7-150x150.jpg\" alt=\"ilustracao_gnv7\" width=\"150\" height=\"150\" \/>S\u00e3o verificados os principais sistemas do ve\u00edculo de acordo com o Anexo I da Instru\u00e7\u00e3o Normativa No. 12 do DPRF, utilizando-se equipamentos mecanizados e informatizados para certificar, sem desmontagem de componentes, as condi\u00e7\u00f5es de seguran\u00e7a do ve\u00edculo. Caso sejam encontrados defeitos, \u00e9 emitido um relat\u00f3rio pormenorizado para o cliente detalhando as n\u00e3o conformidades. Neste caso, se o ve\u00edculo retornar para re-inspe\u00e7\u00e3o em at\u00e9 trinta dias, n\u00e3o haver\u00e1 custo adicional. Quando aprovado, o ve\u00edculo recebe um Certificado de Inspe\u00e7\u00e3o T\u00e9cnica Veicular \u2013 CITV e um selo fixado no p\u00e1ra-brisa, o SAIV \u2013 Selo de Aprova\u00e7\u00e3o na Inspe\u00e7\u00e3o T\u00e9cnica Veicular. A validade do CITV e do SAIV \u00e9 de um ano \u00e0 partir da data de sua emiss\u00e3o. \u00c9 importante esclarecer que a Cinsvel n\u00e3o executa nenhum tipo de manuten\u00e7\u00e3o ou reparo, nem permite que sejam executadas em suas instala\u00e7\u00f5es.<\/p>\n<hr \/>\n<p style=\"text-align: justify;\"><strong>CONDI\u00c7\u00d5ES GERAIS PARA A INSPE\u00c7\u00c3O<\/strong><\/p>\n<p style=\"text-align: justify;\">O ve\u00edculo deve ser apresentado para a inspe\u00e7\u00e3o completo, limpo e sem carga.\u00c9 necess\u00e1rio a apresenta\u00e7\u00e3o dos seguintes documentos para iniciar o processo de inspe\u00e7\u00e3o:<\/p>\n<ul>\n<li>Documento dos Ve\u00edculos<\/li>\n<li>Identidade e CPF do condutor que vier traz\u00ea-los para a inspe\u00e7\u00e3o.<\/li>\n<\/ul>\n<hr \/>\n<p><strong>HOR\u00c1RIOS PARA INSPE\u00c7\u00c3O EM NOSSAS LOJAS:<\/strong><br \/>\nNossos hor\u00e1rios para inspe\u00e7\u00e3o na Unidade\u00a0<a title=\"Jardim Am\u00e9rica\" href=\"http:\/\/vistoriagnv.com.br\/gnv\/index.php\/empresas-parceiras\/jardim-america\/\">Jardim Am\u00e9rica (Cotran) <\/a> \u00e9 de\u00a08h \u00a0\u00e0s\u00a017h &#8211; (sem o intervalo de\u00a0almo\u00e7o), de seg. a\u00a0sex.<br \/>\nN\u00e3o \u00e9 preciso marcar hora, exceto em casos de inspe\u00e7\u00e3o de mais de\u00a0um ve\u00edculo, quando recomendamos o pr\u00e9vio agendamento atrav\u00e9s do telefone da loja Jardim Am\u00e9rica.<br \/>\nA inspe\u00e7\u00e3o dura em m\u00e9dia pouco mais de 60 minutos.[\/quote].<\/p>\n<hr \/>\n<p><strong>PRE\u00c7OS E CONDI\u00c7\u00d5ES:<\/strong><br \/>\n<a title=\"Jardim Am\u00e9rica\" href=\"http:\/\/vistoriagnv.com.br\/gnv\/index.php\/empresas-parceiras\/jardim-america\/\"><strong>\u00a0Jardim Am\u00e9rica<\/strong><\/a>: entre em contato com unidade Jardim Am\u00e9rica (Cotran):(21) 2482-5500 | 2482-5500<\/p>\n<hr \/>\n<div class=\"su-note\"  style=\"border-color:#d6d6d6;border-radius:3px;-moz-border-radius:3px;-webkit-border-radius:3px;\"><div class=\"su-note-inner su-u-clearfix su-u-trim\" style=\"background-color:#F0F0F0;border-color:#ffffff;color:#333333;border-radius:3px;-moz-border-radius:3px;-webkit-border-radius:3px;\">\n<strong>DICAS PARA REVIS\u00c3O DO VE\u00cdCULO ANTES DA INSPE\u00c7\u00c3O<\/strong>:<\/p>\n<p>Recomenda-se uma revis\u00e3o dos ve\u00edculos antes da inspe\u00e7\u00e3o para reduzir a possibilidade de reprova\u00e7\u00e3o.<br \/>\nDentre os itens inspecionados, recomenda-se especial aten\u00e7\u00e3o aos seguintes, que geram as mais freq\u00fcentes n\u00e3o-conformidades encontradas nas inspe\u00e7\u00f5es:<\/p>\n<ul>\n<li>Revisar e regular as lonas de freios (os ve\u00edculos s\u00e3o testados em dinam\u00f4metro de freio que avalia a capacidade de frenagem por eixo e entre os lados de uma mesmo eixo &#8211; este \u00e9 o item que mais reprova);<\/li>\n<li>Eliminar vazamentos de ar no circuito de freio (c\u00e2maras de freio &#8211; cu\u00edcas, mangueiras, v\u00e1lvulas, m\u00e3o-de-amigo, etc);<\/li>\n<li>Verificar folga nos bra\u00e7os do sistema de dire\u00e7\u00e3o e nas barras estabilizadoras;<\/li>\n<li>Verificar funcionamento de todo o sistema de ilumina\u00e7\u00e3o e sinaliza\u00e7\u00e3o;<\/li>\n<li>Verificar folgas no sistema de bra\u00e7os tensores (buchas) e do balancim e a exist\u00eancia de trincas no suporte da suspens\u00e3o e apoio de molas. Aperto dos grampos de molas;<\/li>\n<li>Verificar exist\u00eancia de l\u00e2minas de molas quebradas \/ desalinhadas;<\/li>\n<li>Verificar elementos de fixa\u00e7\u00e3o de rodas faltando \/ castanhas quebradas;<\/li>\n<li>Verificar a exist\u00eancia de trincas nos tambores de freio \/ rodas e aros;<\/li>\n<li>Verificar regulagem da bomba injetora (emiss\u00e3o de fuma\u00e7a);<\/li>\n<li>Verificar itens obrigat\u00f3rios. Carga e validade do extintor. Cintos de seguran\u00e7a. Prote\u00e7\u00e3o na bateria. Vazamentos de diesel.<\/div><\/div><\/li>\n<\/ul>\n","protected":false},"excerpt":{"rendered":"<p>VISTORIA ITV MERCOSUL &#8211; O QUE \u00c9 Inspe\u00e7\u00e3o T\u00e9cnica Veicular (ITV) em ve\u00edculos de transporte rodovi\u00e1rio internacional de cargas transitando no Mercosul, conforme Instru\u00e7\u00e3o Normativa No 12 da Pol\u00edcia Rodovi\u00e1ria Federal. Ve\u00edculos de carga que transitam no Mercosul est\u00e3o sujeitos \u00e0 fiscaliza\u00e7\u00e3o pelos pa\u00edses membros quanto \u00e0 aprova\u00e7\u00e3o do ve\u00edculo em inspe\u00e7\u00e3o de seguran\u00e7a veicular&#8230;<\/p>\n","protected":false},"author":1,"featured_media":0,"parent":3,"menu_order":10,"comment_status":"open","ping_status":"open","template":"","meta":{"footnotes":""},"class_list":["post-178","page","type-page","status-publish","hentry"],"yoast_head":"<!-- This site is optimized with the Yoast SEO plugin v24.8.1 - https:\/\/yoast.com\/wordpress\/plugins\/seo\/ -->\n<title>VISTORIA GNV -- GOLD INSPE\u00c7\u00d5ES VEICULARES RJ - ACREDITA\u00c7\u00c3O INMETRO E DENATRAN<\/title>\n<meta name=\"description\" content=\"Vistoria GNV Acreditada pelo INMETRO e DENATRAN, centro de Inspe\u00e7\u00e3o Veicular incluindo inspe\u00e7\u00e3o veicular em ve\u00edculos convertidos ao uso do G\u00e1s Natural Veicular (GNV), vistoria de seguran\u00e7a em ve\u00edculos recuperados de sinistro e vistoria de fabrica\u00e7\u00e3o pr\u00f3pria e ve\u00edculos transformados, vistorias em ve\u00edculos de passeio, caminh\u00f5es, vans, \u00f4nibus, pickup, picapes, acredita\u00e7\u00e3o Inmetro e Denatran\" \/>\n<meta name=\"robots\" content=\"index, follow, max-snippet:-1, max-image-preview:large, max-video-preview:-1\" \/>\n<link rel=\"canonical\" href=\"https:\/\/vistoriagnv.com.br\/gnv\/index.php\/servicos\/vistoria-itv-mercosul\/\" \/>\n<meta property=\"og:locale\" content=\"pt_BR\" \/>\n<meta property=\"og:type\" content=\"article\" \/>\n<meta property=\"og:title\" content=\"VISTORIA GNV -- GOLD INSPE\u00c7\u00d5ES VEICULARES RJ - ACREDITA\u00c7\u00c3O INMETRO E DENATRAN\" \/>\n<meta property=\"og:description\" content=\"Vistoria GNV Acreditada pelo INMETRO e DENATRAN, centro de Inspe\u00e7\u00e3o Veicular incluindo inspe\u00e7\u00e3o veicular em ve\u00edculos convertidos ao uso do G\u00e1s Natural Veicular (GNV), vistoria de seguran\u00e7a em ve\u00edculos recuperados de sinistro e vistoria de fabrica\u00e7\u00e3o pr\u00f3pria e ve\u00edculos transformados, vistorias em ve\u00edculos de passeio, caminh\u00f5es, vans, \u00f4nibus, pickup, picapes, acredita\u00e7\u00e3o Inmetro e Denatran\" \/>\n<meta property=\"og:url\" content=\"https:\/\/vistoriagnv.com.br\/gnv\/index.php\/servicos\/vistoria-itv-mercosul\/\" \/>\n<meta property=\"og:site_name\" content=\"VISTORIA GNV\" \/>\n<meta property=\"article:modified_time\" content=\"2020-02-05T18:21:17+00:00\" \/>\n<meta property=\"og:image\" content=\"http:\/\/vistoriagnv.com.br\/gnv\/wp-content\/uploads\/2014\/07\/ilustracao_gnv8-150x150.jpg\" \/>\n<meta name=\"twitter:label1\" content=\"Est. tempo de leitura\" \/>\n\t<meta name=\"twitter:data1\" content=\"3 minutos\" \/>\n<script type=\"application\/ld+json\" class=\"yoast-schema-graph\">{\"@context\":\"https:\/\/schema.org\",\"@graph\":[{\"@type\":\"WebPage\",\"@id\":\"https:\/\/vistoriagnv.com.br\/gnv\/index.php\/servicos\/vistoria-itv-mercosul\/\",\"url\":\"https:\/\/vistoriagnv.com.br\/gnv\/index.php\/servicos\/vistoria-itv-mercosul\/\",\"name\":\"VISTORIA GNV -- GOLD INSPE\u00c7\u00d5ES VEICULARES RJ - ACREDITA\u00c7\u00c3O INMETRO E DENATRAN\",\"isPartOf\":{\"@id\":\"https:\/\/vistoriagnv.com.br\/gnv\/#website\"},\"primaryImageOfPage\":{\"@id\":\"https:\/\/vistoriagnv.com.br\/gnv\/index.php\/servicos\/vistoria-itv-mercosul\/#primaryimage\"},\"image\":{\"@id\":\"https:\/\/vistoriagnv.com.br\/gnv\/index.php\/servicos\/vistoria-itv-mercosul\/#primaryimage\"},\"thumbnailUrl\":\"http:\/\/vistoriagnv.com.br\/gnv\/wp-content\/uploads\/2014\/07\/ilustracao_gnv8-150x150.jpg\",\"datePublished\":\"2014-07-31T14:39:14+00:00\",\"dateModified\":\"2020-02-05T18:21:17+00:00\",\"description\":\"Vistoria GNV Acreditada pelo INMETRO e DENATRAN, centro de Inspe\u00e7\u00e3o Veicular incluindo inspe\u00e7\u00e3o veicular em ve\u00edculos convertidos ao uso do G\u00e1s Natural Veicular (GNV), vistoria de seguran\u00e7a em ve\u00edculos recuperados de sinistro e vistoria de fabrica\u00e7\u00e3o pr\u00f3pria e ve\u00edculos transformados, vistorias em ve\u00edculos de passeio, caminh\u00f5es, vans, \u00f4nibus, pickup, picapes, acredita\u00e7\u00e3o Inmetro e Denatran\",\"breadcrumb\":{\"@id\":\"https:\/\/vistoriagnv.com.br\/gnv\/index.php\/servicos\/vistoria-itv-mercosul\/#breadcrumb\"},\"inLanguage\":\"pt-BR\",\"potentialAction\":[{\"@type\":\"ReadAction\",\"target\":[\"https:\/\/vistoriagnv.com.br\/gnv\/index.php\/servicos\/vistoria-itv-mercosul\/\"]}]},{\"@type\":\"ImageObject\",\"inLanguage\":\"pt-BR\",\"@id\":\"https:\/\/vistoriagnv.com.br\/gnv\/index.php\/servicos\/vistoria-itv-mercosul\/#primaryimage\",\"url\":\"https:\/\/vistoriagnv.com.br\/gnv\/wp-content\/uploads\/2014\/07\/ilustracao_gnv8.jpg\",\"contentUrl\":\"https:\/\/vistoriagnv.com.br\/gnv\/wp-content\/uploads\/2014\/07\/ilustracao_gnv8.jpg\",\"width\":616,\"height\":383},{\"@type\":\"BreadcrumbList\",\"@id\":\"https:\/\/vistoriagnv.com.br\/gnv\/index.php\/servicos\/vistoria-itv-mercosul\/#breadcrumb\",\"itemListElement\":[{\"@type\":\"ListItem\",\"position\":1,\"name\":\"In\u00edcio\",\"item\":\"https:\/\/vistoriagnv.com.br\/gnv\/\"},{\"@type\":\"ListItem\",\"position\":2,\"name\":\"Servi\u00e7os\",\"item\":\"https:\/\/vistoriagnv.com.br\/gnv\/index.php\/servicos\/\"},{\"@type\":\"ListItem\",\"position\":3,\"name\":\"Vistoria ITV Mercosul\"}]},{\"@type\":\"WebSite\",\"@id\":\"https:\/\/vistoriagnv.com.br\/gnv\/#website\",\"url\":\"https:\/\/vistoriagnv.com.br\/gnv\/\",\"name\":\"VISTORIA GNV\",\"description\":\"Postos de Vistoria Veicular GNV no Rio de janeiro\",\"potentialAction\":[{\"@type\":\"SearchAction\",\"target\":{\"@type\":\"EntryPoint\",\"urlTemplate\":\"https:\/\/vistoriagnv.com.br\/gnv\/?s={search_term_string}\"},\"query-input\":{\"@type\":\"PropertyValueSpecification\",\"valueRequired\":true,\"valueName\":\"search_term_string\"}}],\"inLanguage\":\"pt-BR\"}]}<\/script>\n<!-- \/ Yoast SEO plugin. -->","yoast_head_json":{"title":"VISTORIA GNV -- GOLD INSPE\u00c7\u00d5ES VEICULARES RJ - ACREDITA\u00c7\u00c3O INMETRO E DENATRAN","description":"Vistoria GNV Acreditada pelo INMETRO e DENATRAN, centro de Inspe\u00e7\u00e3o Veicular incluindo inspe\u00e7\u00e3o veicular em ve\u00edculos convertidos ao uso do G\u00e1s Natural Veicular (GNV), vistoria de seguran\u00e7a em ve\u00edculos recuperados de sinistro e vistoria de fabrica\u00e7\u00e3o pr\u00f3pria e ve\u00edculos transformados, vistorias em ve\u00edculos de passeio, caminh\u00f5es, vans, \u00f4nibus, pickup, picapes, acredita\u00e7\u00e3o Inmetro e Denatran","robots":{"index":"index","follow":"follow","max-snippet":"max-snippet:-1","max-image-preview":"max-image-preview:large","max-video-preview":"max-video-preview:-1"},"canonical":"https:\/\/vistoriagnv.com.br\/gnv\/index.php\/servicos\/vistoria-itv-mercosul\/","og_locale":"pt_BR","og_type":"article","og_title":"VISTORIA GNV -- GOLD INSPE\u00c7\u00d5ES VEICULARES RJ - ACREDITA\u00c7\u00c3O INMETRO E DENATRAN","og_description":"Vistoria GNV Acreditada pelo INMETRO e DENATRAN, centro de Inspe\u00e7\u00e3o Veicular incluindo inspe\u00e7\u00e3o veicular em ve\u00edculos convertidos ao uso do G\u00e1s Natural Veicular (GNV), vistoria de seguran\u00e7a em ve\u00edculos recuperados de sinistro e vistoria de fabrica\u00e7\u00e3o pr\u00f3pria e ve\u00edculos transformados, vistorias em ve\u00edculos de passeio, caminh\u00f5es, vans, \u00f4nibus, pickup, picapes, acredita\u00e7\u00e3o Inmetro e Denatran","og_url":"https:\/\/vistoriagnv.com.br\/gnv\/index.php\/servicos\/vistoria-itv-mercosul\/","og_site_name":"VISTORIA GNV","article_modified_time":"2020-02-05T18:21:17+00:00","og_image":[{"url":"http:\/\/vistoriagnv.com.br\/gnv\/wp-content\/uploads\/2014\/07\/ilustracao_gnv8-150x150.jpg","type":"","width":"","height":""}],"twitter_misc":{"Est. tempo de leitura":"3 minutos"},"schema":{"@context":"https:\/\/schema.org","@graph":[{"@type":"WebPage","@id":"https:\/\/vistoriagnv.com.br\/gnv\/index.php\/servicos\/vistoria-itv-mercosul\/","url":"https:\/\/vistoriagnv.com.br\/gnv\/index.php\/servicos\/vistoria-itv-mercosul\/","name":"VISTORIA GNV -- GOLD INSPE\u00c7\u00d5ES VEICULARES RJ - ACREDITA\u00c7\u00c3O INMETRO E DENATRAN","isPartOf":{"@id":"https:\/\/vistoriagnv.com.br\/gnv\/#website"},"primaryImageOfPage":{"@id":"https:\/\/vistoriagnv.com.br\/gnv\/index.php\/servicos\/vistoria-itv-mercosul\/#primaryimage"},"image":{"@id":"https:\/\/vistoriagnv.com.br\/gnv\/index.php\/servicos\/vistoria-itv-mercosul\/#primaryimage"},"thumbnailUrl":"http:\/\/vistoriagnv.com.br\/gnv\/wp-content\/uploads\/2014\/07\/ilustracao_gnv8-150x150.jpg","datePublished":"2014-07-31T14:39:14+00:00","dateModified":"2020-02-05T18:21:17+00:00","description":"Vistoria GNV Acreditada pelo INMETRO e DENATRAN, centro de Inspe\u00e7\u00e3o Veicular incluindo inspe\u00e7\u00e3o veicular em ve\u00edculos convertidos ao uso do G\u00e1s Natural Veicular (GNV), vistoria de seguran\u00e7a em ve\u00edculos recuperados de sinistro e vistoria de fabrica\u00e7\u00e3o pr\u00f3pria e ve\u00edculos transformados, vistorias em ve\u00edculos de passeio, caminh\u00f5es, vans, \u00f4nibus, pickup, picapes, acredita\u00e7\u00e3o Inmetro e Denatran","breadcrumb":{"@id":"https:\/\/vistoriagnv.com.br\/gnv\/index.php\/servicos\/vistoria-itv-mercosul\/#breadcrumb"},"inLanguage":"pt-BR","potentialAction":[{"@type":"ReadAction","target":["https:\/\/vistoriagnv.com.br\/gnv\/index.php\/servicos\/vistoria-itv-mercosul\/"]}]},{"@type":"ImageObject","inLanguage":"pt-BR","@id":"https:\/\/vistoriagnv.com.br\/gnv\/index.php\/servicos\/vistoria-itv-mercosul\/#primaryimage","url":"https:\/\/vistoriagnv.com.br\/gnv\/wp-content\/uploads\/2014\/07\/ilustracao_gnv8.jpg","contentUrl":"https:\/\/vistoriagnv.com.br\/gnv\/wp-content\/uploads\/2014\/07\/ilustracao_gnv8.jpg","width":616,"height":383},{"@type":"BreadcrumbList","@id":"https:\/\/vistoriagnv.com.br\/gnv\/index.php\/servicos\/vistoria-itv-mercosul\/#breadcrumb","itemListElement":[{"@type":"ListItem","position":1,"name":"In\u00edcio","item":"https:\/\/vistoriagnv.com.br\/gnv\/"},{"@type":"ListItem","position":2,"name":"Servi\u00e7os","item":"https:\/\/vistoriagnv.com.br\/gnv\/index.php\/servicos\/"},{"@type":"ListItem","position":3,"name":"Vistoria ITV Mercosul"}]},{"@type":"WebSite","@id":"https:\/\/vistoriagnv.com.br\/gnv\/#website","url":"https:\/\/vistoriagnv.com.br\/gnv\/","name":"VISTORIA GNV","description":"Postos de Vistoria Veicular GNV no Rio de janeiro","potentialAction":[{"@type":"SearchAction","target":{"@type":"EntryPoint","urlTemplate":"https:\/\/vistoriagnv.com.br\/gnv\/?s={search_term_string}"},"query-input":{"@type":"PropertyValueSpecification","valueRequired":true,"valueName":"search_term_string"}}],"inLanguage":"pt-BR"}]}},"_links":{"self":[{"href":"https:\/\/vistoriagnv.com.br\/gnv\/index.php\/wp-json\/wp\/v2\/pages\/178","targetHints":{"allow":["GET"]}}],"collection":[{"href":"https:\/\/vistoriagnv.com.br\/gnv\/index.php\/wp-json\/wp\/v2\/pages"}],"about":[{"href":"https:\/\/vistoriagnv.com.br\/gnv\/index.php\/wp-json\/wp\/v2\/types\/page"}],"author":[{"embeddable":true,"href":"https:\/\/vistoriagnv.com.br\/gnv\/index.php\/wp-json\/wp\/v2\/users\/1"}],"replies":[{"embeddable":true,"href":"https:\/\/vistoriagnv.com.br\/gnv\/index.php\/wp-json\/wp\/v2\/comments?post=178"}],"version-history":[{"count":15,"href":"https:\/\/vistoriagnv.com.br\/gnv\/index.php\/wp-json\/wp\/v2\/pages\/178\/revisions"}],"predecessor-version":[{"id":802,"href":"https:\/\/vistoriagnv.com.br\/gnv\/index.php\/wp-json\/wp\/v2\/pages\/178\/revisions\/802"}],"up":[{"embeddable":true,"href":"https:\/\/vistoriagnv.com.br\/gnv\/index.php\/wp-json\/wp\/v2\/pages\/3"}],"wp:attachment":[{"href":"https:\/\/vistoriagnv.com.br\/gnv\/index.php\/wp-json\/wp\/v2\/media?parent=178"}],"curies":[{"name":"wp","href":"https:\/\/api.w.org\/{rel}","templated":true}]}}