{"id":31,"date":"2014-06-02T19:39:58","date_gmt":"2014-06-02T19:39:58","guid":{"rendered":"http:\/\/vistoriagnv.com.br\/gnv\/?page_id=31"},"modified":"2016-03-31T21:06:23","modified_gmt":"2016-03-31T21:06:23","slug":"certificacaoacreditacao","status":"publish","type":"page","link":"https:\/\/vistoriagnv.com.br\/gnv\/index.php\/sobre-nos\/certificacaoacreditacao\/","title":{"rendered":"Acredita\u00e7\u00e3o\/Credenciamento"},"content":{"rendered":"<p>Acredita\u00e7\u00e3o da Coordena\u00e7\u00e3o Geral da Acredita\u00e7\u00e3o do INMETRO e Credenciamento Denatran<\/strong>!<\/p>\n<p><strong>CREDENCIAMENTO DENATRAN e ACREDITA\u00c7\u00c3O DA COORDENA\u00c7\u00c3O GERAL DE ACREDITA\u00c7\u00c3O DO INMETRO :<\/strong><\/p>\n<div class=\"su-note\"  style=\"border-color:#d6d6d6;border-radius:3px;-moz-border-radius:3px;-webkit-border-radius:3px;\"><div class=\"su-note-inner su-u-clearfix su-u-trim\" style=\"background-color:#F0F0F0;border-color:#ffffff;color:#333333;border-radius:3px;-moz-border-radius:3px;-webkit-border-radius:3px;\">\u00a0<strong>O QUE \u00c9 CERTIFICA\u00c7\u00c3O?<\/strong><br \/>\n<img loading=\"lazy\" decoding=\"async\" class=\"alignleft size-thumbnail wp-image-106\" src=\"http:\/\/vistoriagnv.com.br\/gnv\/wp-content\/uploads\/2014\/06\/logos_acreditacao-150x48.png\" alt=\"logos_acreditacao\" width=\"150\" height=\"48\" \/><\/p>\n<p style=\"text-align: justify;\">Credenciamento\u00a0\u00e9 o reconhecimento formal por um organismo independente especializado em normas t\u00e9cnicas daquele setor de que uma institui\u00e7\u00e3o atende a requisitos previamente definidos e demonstra ser competente para realizar suas atividades com seguran\u00e7a. Os\u00a0Credenciamento na \u00e1rea da sa\u00fade certificam as institui\u00e7\u00f5es que demonstram possuir a\u00e7\u00f5es\/processos que priorizem a seguran\u00e7a e qualidade no atendimento ao paciente baseados nas melhores pr\u00e1ticas internacionais vigentes. A mais antiga e respeitada acreditadora em sa\u00fade \u00e9 a Joint CommissionInternational (JCI), representada no Brasil pelo Cons\u00f3rcio Brasileiro de Acredita\u00e7\u00e3o (CBA). O Brasil tem sua pr\u00f3pria certifica\u00e7\u00e3o em sa\u00fade, a Organiza\u00e7\u00e3o Nacional de Acredita\u00e7\u00e3o (ONA).<\/p>\n<p style=\"text-align: justify;\">A defini\u00e7\u00e3o de Credenciamento Denatran significa que organismos independentes (organismos acreditadores) executam uma verifica\u00e7\u00e3o imparcial da compet\u00eancia dos OACs (Organismos de Avalia\u00e7\u00e3o da Conformidade) para executarem atividades de avalia\u00e7\u00e3o da conformidade, transmitindo confian\u00e7a para o comprador e \u00e0s autoridades reguladoras sobre os produtos, processos ou servi\u00e7os avaliados.1<br \/>\nSegundo a norma ABNT NBR ISO\/IEC 17011:2005 &#8211; Avalia\u00e7\u00e3o de conformidade \u2013 Requisitos gerais para organismos de credenciamento Denatran; a defini\u00e7\u00e3o de credenciamento\u00e9 &#8220;atesta\u00e7\u00e3o de terceira-parte relacionada a um organismo de avalia\u00e7\u00e3o da conformidade, comunicando a demonstra\u00e7\u00e3o formal da sua compet\u00eancia para realizar tarefas espec\u00edficas de avalia\u00e7\u00e3o da conformidade&#8221;.<\/p>\n<p>\u00a0<\/div><\/div>\n<p><strong>Acredita\u00e7\u00e3o da Coordena\u00e7\u00e3o Geral da Acredita\u00e7\u00e3o do INMETRO:<\/strong><\/p>\n<p style=\"text-align: justify;\"><div class=\"su-note\"  style=\"border-color:#d6d6d6;border-radius:3px;-moz-border-radius:3px;-webkit-border-radius:3px;\"><div class=\"su-note-inner su-u-clearfix su-u-trim\" style=\"background-color:#F0F0F0;border-color:#ffffff;color:#333333;border-radius:3px;-moz-border-radius:3px;-webkit-border-radius:3px;\">\n<p style=\"text-align: justify;\">Segundo o pr\u00f3prio <a title=\"www.inmetro.gov.br\/credenciamento\" href=\"http:\/\/www.inmetro.gov.br\/credenciamento\" target=\"_blank\">INMETRO <\/a>(www.inmetro.gov.br\/credenciamento\/), a Coordena\u00e7\u00e3o Geral de Acredita\u00e7\u00e3o da Coordena\u00e7\u00e3o Geral da Acredita\u00e7\u00e3o do INMETRO\u00a0\u00e9 o organismo de Acredita\u00e7\u00e3o da Coordena\u00e7\u00e3o Geral da Acredita\u00e7\u00e3o do INMETRO\u00a0de organismos de avalia\u00e7\u00e3o da conformidade reconhecido pelo Governo Brasileiro. A Cgcre \u00e9, portanto, dentro da estrutura organizacional do Inmetro, a unidade organizacional principal que tem total responsabilidade e autoridade sobre todos os aspectos referentes \u00e0 acredita\u00e7\u00e3o, incluindo as decis\u00f5es de acredita\u00e7\u00e3o. O Decreto n\u00ba 7938, publicado em 19 de fevereiro de 2013, alterou o Decreto n\u00ba 6275, de 28 de novembro de 2007 e aprovou a nova Estrutura Regimental e o Quadro Demonstrativo dos Cargos em Comiss\u00e3o e das Fun\u00e7\u00f5es Gratificadas do Instituto de Metrologia, Qualidade e Tecnologia \u2013 Inmetro. Este decreto \u00e9 que estabelece a compet\u00eancia da Coordena\u00e7\u00e3o Geral de Acredita\u00e7\u00e3o (Cgcre) do Inmetro para atuar como organismo de acredita\u00e7\u00e3o de organismos de avalia\u00e7\u00e3o da conformidade. A Portaria N\u00ba 165, publicada em 02 de abril de 2013, alterou o Regimento Interno do Inmetro que passou a vigorar na forma do Anexo a esta Portaria, em substitui\u00e7\u00e3o aos Anexos das Portarias MDIC N\u00ba 82, de 01 de abril de 2008 e N\u00ba 286, de 29 de novembro de 2011. Esta nova Portaria estabelece as compet\u00eancias da Cgcre e de suas unidades organizacionais a ela vinculadas, como tamb\u00e9m as atribui\u00e7\u00f5es do Coordenador Geral da Cgcre. A Cgcre e as demais unidades organizacionais do Inmetro colaboram no sentido da implementa\u00e7\u00e3o das diretrizes do Conmetro, sendo mantida a independ\u00eancia da Cgcre como organismo de acredita\u00e7\u00e3o, evitando-se qualquer conflito com atividades de avalia\u00e7\u00e3o da conformidade realizadas pelas outras unidades organizacionais do Inmetro ou por quaisquer outros \u00f3rg\u00e3os governamentais. Os recursos financeiros da Cgcre s\u00e3o constitu\u00eddos por dota\u00e7\u00f5es or\u00e7ament\u00e1rias oriundas de pre\u00e7os p\u00fablicos relativos \u00e0s atividades de acredita\u00e7\u00e3o, conv\u00eanios celebrados com entidades p\u00fablicas e privadas e cr\u00e9ditos suplementares do Tesouro Nacional consignados por lei<\/p>\n<\/div><\/div>\n<a href=\"http:\/\/www.denatran.gov.br\" class=\"su-button su-button-style-flat\" style=\"color:#FFFFFF;background-color:#1EB0BC;border-color:#188d97;border-radius:0px\" target=\"_blank\" rel=\"noopener noreferrer\"><span style=\"color:#FFFFFF;padding:6px 16px;font-size:13px;line-height:20px;border-color:#62c8d1;border-radius:0px;text-shadow:none\"><i class=\"sui sui-share\" style=\"font-size:13px;color:#FFFFFF\"><\/i> Denatran<\/span><\/a> \u00a0\u00a0<a href=\"http:\/\/www.inmetro.gov.br\" class=\"su-button su-button-style-flat\" style=\"color:#FFFFFF;background-color:#1EB0BC;border-color:#188d97;border-radius:0px\" target=\"_blank\" rel=\"noopener noreferrer\"><span style=\"color:#FFFFFF;padding:6px 16px;font-size:13px;line-height:20px;border-color:#62c8d1;border-radius:0px;text-shadow:none\"><i class=\"sui sui-share\" style=\"font-size:13px;color:#FFFFFF\"><\/i> INMETRO<\/span><\/a>\n<p>&nbsp;<\/p>\n","protected":false},"excerpt":{"rendered":"<p>Acredita\u00e7\u00e3o da Coordena\u00e7\u00e3o Geral da Acredita\u00e7\u00e3o do INMETRO e Credenciamento Denatran! CREDENCIAMENTO DENATRAN e ACREDITA\u00c7\u00c3O DA COORDENA\u00c7\u00c3O GERAL DE ACREDITA\u00c7\u00c3O DO INMETRO : Acredita\u00e7\u00e3o da Coordena\u00e7\u00e3o Geral da Acredita\u00e7\u00e3o do INMETRO: \u00a0\u00a0 &nbsp;<\/p>\n","protected":false},"author":1,"featured_media":249,"parent":5,"menu_order":0,"comment_status":"closed","ping_status":"closed","template":"","meta":{"footnotes":""},"class_list":["post-31","page","type-page","status-publish","has-post-thumbnail","hentry"],"yoast_head":"<!-- This site is optimized with the Yoast SEO plugin v24.8.1 - https:\/\/yoast.com\/wordpress\/plugins\/seo\/ -->\n<title>VISTORIA GNV -- GOLD INSPE\u00c7\u00d5ES VEICULARES RJ - ACREDITA\u00c7\u00c3O INMETRO E DENATRAN<\/title>\n<meta name=\"description\" content=\"Vistoria GNV Acreditada pelo INMETRO e DENATRAN, centro de Inspe\u00e7\u00e3o Veicular incluindo inspe\u00e7\u00e3o veicular em ve\u00edculos convertidos ao uso do G\u00e1s Natural Veicular (GNV), vistoria de seguran\u00e7a em ve\u00edculos recuperados de sinistro e vistoria de fabrica\u00e7\u00e3o pr\u00f3pria e ve\u00edculos transformados, vistorias em ve\u00edculos de passeio, caminh\u00f5es, vans, \u00f4nibus, pickup, picapes, acredita\u00e7\u00e3o Inmetro e Denatran\" \/>\n<meta name=\"robots\" content=\"index, follow, max-snippet:-1, max-image-preview:large, max-video-preview:-1\" \/>\n<link rel=\"canonical\" href=\"https:\/\/vistoriagnv.com.br\/gnv\/index.php\/sobre-nos\/certificacaoacreditacao\/\" \/>\n<meta property=\"og:locale\" content=\"pt_BR\" \/>\n<meta property=\"og:type\" content=\"article\" \/>\n<meta property=\"og:title\" content=\"VISTORIA GNV -- GOLD INSPE\u00c7\u00d5ES VEICULARES RJ - ACREDITA\u00c7\u00c3O INMETRO E DENATRAN\" \/>\n<meta property=\"og:description\" content=\"Vistoria GNV Acreditada pelo INMETRO e DENATRAN, centro de Inspe\u00e7\u00e3o Veicular incluindo inspe\u00e7\u00e3o veicular em ve\u00edculos convertidos ao uso do G\u00e1s Natural Veicular (GNV), vistoria de seguran\u00e7a em ve\u00edculos recuperados de sinistro e vistoria de fabrica\u00e7\u00e3o pr\u00f3pria e ve\u00edculos transformados, vistorias em ve\u00edculos de passeio, caminh\u00f5es, vans, \u00f4nibus, pickup, picapes, acredita\u00e7\u00e3o Inmetro e Denatran\" \/>\n<meta property=\"og:url\" content=\"https:\/\/vistoriagnv.com.br\/gnv\/index.php\/sobre-nos\/certificacaoacreditacao\/\" \/>\n<meta property=\"og:site_name\" content=\"VISTORIA GNV\" \/>\n<meta property=\"article:modified_time\" content=\"2016-03-31T21:06:23+00:00\" \/>\n<meta property=\"og:image\" content=\"https:\/\/vistoriagnv.com.br\/gnv\/wp-content\/uploads\/2014\/06\/ilustracao_vistoria07.jpg\" \/>\n\t<meta property=\"og:image:width\" content=\"300\" \/>\n\t<meta property=\"og:image:height\" content=\"224\" \/>\n\t<meta property=\"og:image:type\" content=\"image\/jpeg\" \/>\n<meta name=\"twitter:label1\" content=\"Est. tempo de leitura\" \/>\n\t<meta name=\"twitter:data1\" content=\"3 minutos\" \/>\n<script type=\"application\/ld+json\" class=\"yoast-schema-graph\">{\"@context\":\"https:\/\/schema.org\",\"@graph\":[{\"@type\":\"WebPage\",\"@id\":\"https:\/\/vistoriagnv.com.br\/gnv\/index.php\/sobre-nos\/certificacaoacreditacao\/\",\"url\":\"https:\/\/vistoriagnv.com.br\/gnv\/index.php\/sobre-nos\/certificacaoacreditacao\/\",\"name\":\"VISTORIA GNV -- GOLD INSPE\u00c7\u00d5ES VEICULARES RJ - ACREDITA\u00c7\u00c3O INMETRO E DENATRAN\",\"isPartOf\":{\"@id\":\"https:\/\/vistoriagnv.com.br\/gnv\/#website\"},\"primaryImageOfPage\":{\"@id\":\"https:\/\/vistoriagnv.com.br\/gnv\/index.php\/sobre-nos\/certificacaoacreditacao\/#primaryimage\"},\"image\":{\"@id\":\"https:\/\/vistoriagnv.com.br\/gnv\/index.php\/sobre-nos\/certificacaoacreditacao\/#primaryimage\"},\"thumbnailUrl\":\"https:\/\/vistoriagnv.com.br\/gnv\/wp-content\/uploads\/2014\/06\/ilustracao_vistoria07.jpg\",\"datePublished\":\"2014-06-02T19:39:58+00:00\",\"dateModified\":\"2016-03-31T21:06:23+00:00\",\"description\":\"Vistoria GNV Acreditada pelo INMETRO e DENATRAN, centro de Inspe\u00e7\u00e3o Veicular incluindo inspe\u00e7\u00e3o veicular em ve\u00edculos convertidos ao uso do G\u00e1s Natural Veicular (GNV), vistoria de seguran\u00e7a em ve\u00edculos recuperados de sinistro e vistoria de fabrica\u00e7\u00e3o pr\u00f3pria e ve\u00edculos transformados, vistorias em ve\u00edculos de passeio, caminh\u00f5es, vans, \u00f4nibus, pickup, picapes, acredita\u00e7\u00e3o Inmetro e Denatran\",\"breadcrumb\":{\"@id\":\"https:\/\/vistoriagnv.com.br\/gnv\/index.php\/sobre-nos\/certificacaoacreditacao\/#breadcrumb\"},\"inLanguage\":\"pt-BR\",\"potentialAction\":[{\"@type\":\"ReadAction\",\"target\":[\"https:\/\/vistoriagnv.com.br\/gnv\/index.php\/sobre-nos\/certificacaoacreditacao\/\"]}]},{\"@type\":\"ImageObject\",\"inLanguage\":\"pt-BR\",\"@id\":\"https:\/\/vistoriagnv.com.br\/gnv\/index.php\/sobre-nos\/certificacaoacreditacao\/#primaryimage\",\"url\":\"https:\/\/vistoriagnv.com.br\/gnv\/wp-content\/uploads\/2014\/06\/ilustracao_vistoria07.jpg\",\"contentUrl\":\"https:\/\/vistoriagnv.com.br\/gnv\/wp-content\/uploads\/2014\/06\/ilustracao_vistoria07.jpg\",\"width\":300,\"height\":224,\"caption\":\"fa-send\"},{\"@type\":\"BreadcrumbList\",\"@id\":\"https:\/\/vistoriagnv.com.br\/gnv\/index.php\/sobre-nos\/certificacaoacreditacao\/#breadcrumb\",\"itemListElement\":[{\"@type\":\"ListItem\",\"position\":1,\"name\":\"In\u00edcio\",\"item\":\"https:\/\/vistoriagnv.com.br\/gnv\/\"},{\"@type\":\"ListItem\",\"position\":2,\"name\":\"Sobre N\u00f3s\",\"item\":\"https:\/\/vistoriagnv.com.br\/gnv\/index.php\/sobre-nos\/\"},{\"@type\":\"ListItem\",\"position\":3,\"name\":\"Acredita\u00e7\u00e3o\/Credenciamento\"}]},{\"@type\":\"WebSite\",\"@id\":\"https:\/\/vistoriagnv.com.br\/gnv\/#website\",\"url\":\"https:\/\/vistoriagnv.com.br\/gnv\/\",\"name\":\"VISTORIA GNV\",\"description\":\"Postos de Vistoria Veicular GNV no Rio de janeiro\",\"potentialAction\":[{\"@type\":\"SearchAction\",\"target\":{\"@type\":\"EntryPoint\",\"urlTemplate\":\"https:\/\/vistoriagnv.com.br\/gnv\/?s={search_term_string}\"},\"query-input\":{\"@type\":\"PropertyValueSpecification\",\"valueRequired\":true,\"valueName\":\"search_term_string\"}}],\"inLanguage\":\"pt-BR\"}]}<\/script>\n<!-- \/ Yoast SEO plugin. -->","yoast_head_json":{"title":"VISTORIA GNV -- GOLD INSPE\u00c7\u00d5ES VEICULARES RJ - ACREDITA\u00c7\u00c3O INMETRO E DENATRAN","description":"Vistoria GNV Acreditada pelo INMETRO e DENATRAN, centro de Inspe\u00e7\u00e3o Veicular incluindo inspe\u00e7\u00e3o veicular em ve\u00edculos convertidos ao uso do G\u00e1s Natural Veicular (GNV), vistoria de seguran\u00e7a em ve\u00edculos recuperados de sinistro e vistoria de fabrica\u00e7\u00e3o pr\u00f3pria e ve\u00edculos transformados, vistorias em ve\u00edculos de passeio, caminh\u00f5es, vans, \u00f4nibus, pickup, picapes, acredita\u00e7\u00e3o Inmetro e Denatran","robots":{"index":"index","follow":"follow","max-snippet":"max-snippet:-1","max-image-preview":"max-image-preview:large","max-video-preview":"max-video-preview:-1"},"canonical":"https:\/\/vistoriagnv.com.br\/gnv\/index.php\/sobre-nos\/certificacaoacreditacao\/","og_locale":"pt_BR","og_type":"article","og_title":"VISTORIA GNV -- GOLD INSPE\u00c7\u00d5ES VEICULARES RJ - ACREDITA\u00c7\u00c3O INMETRO E DENATRAN","og_description":"Vistoria GNV Acreditada pelo INMETRO e DENATRAN, centro de Inspe\u00e7\u00e3o Veicular incluindo inspe\u00e7\u00e3o veicular em ve\u00edculos convertidos ao uso do G\u00e1s Natural Veicular (GNV), vistoria de seguran\u00e7a em ve\u00edculos recuperados de sinistro e vistoria de fabrica\u00e7\u00e3o pr\u00f3pria e ve\u00edculos transformados, vistorias em ve\u00edculos de passeio, caminh\u00f5es, vans, \u00f4nibus, pickup, picapes, acredita\u00e7\u00e3o Inmetro e Denatran","og_url":"https:\/\/vistoriagnv.com.br\/gnv\/index.php\/sobre-nos\/certificacaoacreditacao\/","og_site_name":"VISTORIA GNV","article_modified_time":"2016-03-31T21:06:23+00:00","og_image":[{"width":300,"height":224,"url":"https:\/\/vistoriagnv.com.br\/gnv\/wp-content\/uploads\/2014\/06\/ilustracao_vistoria07.jpg","type":"image\/jpeg"}],"twitter_misc":{"Est. tempo de leitura":"3 minutos"},"schema":{"@context":"https:\/\/schema.org","@graph":[{"@type":"WebPage","@id":"https:\/\/vistoriagnv.com.br\/gnv\/index.php\/sobre-nos\/certificacaoacreditacao\/","url":"https:\/\/vistoriagnv.com.br\/gnv\/index.php\/sobre-nos\/certificacaoacreditacao\/","name":"VISTORIA GNV -- GOLD INSPE\u00c7\u00d5ES VEICULARES RJ - ACREDITA\u00c7\u00c3O INMETRO E DENATRAN","isPartOf":{"@id":"https:\/\/vistoriagnv.com.br\/gnv\/#website"},"primaryImageOfPage":{"@id":"https:\/\/vistoriagnv.com.br\/gnv\/index.php\/sobre-nos\/certificacaoacreditacao\/#primaryimage"},"image":{"@id":"https:\/\/vistoriagnv.com.br\/gnv\/index.php\/sobre-nos\/certificacaoacreditacao\/#primaryimage"},"thumbnailUrl":"https:\/\/vistoriagnv.com.br\/gnv\/wp-content\/uploads\/2014\/06\/ilustracao_vistoria07.jpg","datePublished":"2014-06-02T19:39:58+00:00","dateModified":"2016-03-31T21:06:23+00:00","description":"Vistoria GNV Acreditada pelo INMETRO e DENATRAN, centro de Inspe\u00e7\u00e3o Veicular incluindo inspe\u00e7\u00e3o veicular em ve\u00edculos convertidos ao uso do G\u00e1s Natural Veicular (GNV), vistoria de seguran\u00e7a em ve\u00edculos recuperados de sinistro e vistoria de fabrica\u00e7\u00e3o pr\u00f3pria e ve\u00edculos transformados, vistorias em ve\u00edculos de passeio, caminh\u00f5es, vans, \u00f4nibus, pickup, picapes, acredita\u00e7\u00e3o Inmetro e Denatran","breadcrumb":{"@id":"https:\/\/vistoriagnv.com.br\/gnv\/index.php\/sobre-nos\/certificacaoacreditacao\/#breadcrumb"},"inLanguage":"pt-BR","potentialAction":[{"@type":"ReadAction","target":["https:\/\/vistoriagnv.com.br\/gnv\/index.php\/sobre-nos\/certificacaoacreditacao\/"]}]},{"@type":"ImageObject","inLanguage":"pt-BR","@id":"https:\/\/vistoriagnv.com.br\/gnv\/index.php\/sobre-nos\/certificacaoacreditacao\/#primaryimage","url":"https:\/\/vistoriagnv.com.br\/gnv\/wp-content\/uploads\/2014\/06\/ilustracao_vistoria07.jpg","contentUrl":"https:\/\/vistoriagnv.com.br\/gnv\/wp-content\/uploads\/2014\/06\/ilustracao_vistoria07.jpg","width":300,"height":224,"caption":"fa-send"},{"@type":"BreadcrumbList","@id":"https:\/\/vistoriagnv.com.br\/gnv\/index.php\/sobre-nos\/certificacaoacreditacao\/#breadcrumb","itemListElement":[{"@type":"ListItem","position":1,"name":"In\u00edcio","item":"https:\/\/vistoriagnv.com.br\/gnv\/"},{"@type":"ListItem","position":2,"name":"Sobre N\u00f3s","item":"https:\/\/vistoriagnv.com.br\/gnv\/index.php\/sobre-nos\/"},{"@type":"ListItem","position":3,"name":"Acredita\u00e7\u00e3o\/Credenciamento"}]},{"@type":"WebSite","@id":"https:\/\/vistoriagnv.com.br\/gnv\/#website","url":"https:\/\/vistoriagnv.com.br\/gnv\/","name":"VISTORIA GNV","description":"Postos de Vistoria Veicular GNV no Rio de janeiro","potentialAction":[{"@type":"SearchAction","target":{"@type":"EntryPoint","urlTemplate":"https:\/\/vistoriagnv.com.br\/gnv\/?s={search_term_string}"},"query-input":{"@type":"PropertyValueSpecification","valueRequired":true,"valueName":"search_term_string"}}],"inLanguage":"pt-BR"}]}},"_links":{"self":[{"href":"https:\/\/vistoriagnv.com.br\/gnv\/index.php\/wp-json\/wp\/v2\/pages\/31","targetHints":{"allow":["GET"]}}],"collection":[{"href":"https:\/\/vistoriagnv.com.br\/gnv\/index.php\/wp-json\/wp\/v2\/pages"}],"about":[{"href":"https:\/\/vistoriagnv.com.br\/gnv\/index.php\/wp-json\/wp\/v2\/types\/page"}],"author":[{"embeddable":true,"href":"https:\/\/vistoriagnv.com.br\/gnv\/index.php\/wp-json\/wp\/v2\/users\/1"}],"replies":[{"embeddable":true,"href":"https:\/\/vistoriagnv.com.br\/gnv\/index.php\/wp-json\/wp\/v2\/comments?post=31"}],"version-history":[{"count":17,"href":"https:\/\/vistoriagnv.com.br\/gnv\/index.php\/wp-json\/wp\/v2\/pages\/31\/revisions"}],"predecessor-version":[{"id":786,"href":"https:\/\/vistoriagnv.com.br\/gnv\/index.php\/wp-json\/wp\/v2\/pages\/31\/revisions\/786"}],"up":[{"embeddable":true,"href":"https:\/\/vistoriagnv.com.br\/gnv\/index.php\/wp-json\/wp\/v2\/pages\/5"}],"wp:featuredmedia":[{"embeddable":true,"href":"https:\/\/vistoriagnv.com.br\/gnv\/index.php\/wp-json\/wp\/v2\/media\/249"}],"wp:attachment":[{"href":"https:\/\/vistoriagnv.com.br\/gnv\/index.php\/wp-json\/wp\/v2\/media?parent=31"}],"curies":[{"name":"wp","href":"https:\/\/api.w.org\/{rel}","templated":true}]}}